 -5*z = -c*g - 1063, -3*z - 2*g = 2*g - 617. Is z a prime number?
True
Suppose 0 = 3*i + 2*q - 5905 - 7740, 0 = -4*i - 2*q + 18192. Is i a composite number?
False
Let d(w) = -w + 1. Let m be d(-6). Let s = m - -32. Suppose 3*z = 3*j + 45, z - 3*j = -8*j + s. Is z a prime number?
True
Suppose -b + 0*b = 2*w - 357, b - 362 = -w. Is b composite?
False
Let b be (-4)/(-16) + 306/(-8). Let v be b/4 - 2/(-4). Is (-6)/v*69/2 a composite number?
False
Is (-3)/((-280)/(-94) - 3) a prime number?
False
Let q be ((-948)/10)/((-2)/(-10)). Let y(h) = -h + 2. Let g be y(0). Is q/(-9)*3/g prime?
True
Let o be (2/5)/((-1)/(-305)). Let j = 153 + -108. Suppose o = w + j. Is w a prime number?
False
Suppose -48 = -4*i - 2*l, 2*l - 5 + 41 = 2*i. Suppose 7*a - i = -d + 3*a, -42 = -3*d - a. Is d a prime number?
False
Suppose 4687 = 3*f + 4*g, 0 = -4*f - 0*g + 4*g + 6240. Is f prime?
False
Let b(l) = 2*l**2 - 12*l + 7. Is b(17) a composite number?
True
Let m(n) = -8*n**3 + 2*n**2 + 2*n + 2. Let r be m(-2). Let x = 103 - r. Is x prime?
False
Let u = 1 + -5. Is 75 + (-4 - u) + 2 prime?
False
Let k = 6 - 3. Suppose 2*n + s = -k*s + 222, -s = -2*n + 247. Is n composite?
True
Suppose -2*a - 371 - 91 = -2*c, 2*a - 3*c + 461 = 0. Let j = a - -435. Is j a prime number?
False
Suppose 5*d = -0*d. Suppose -2*z + 0*z - 8 = d. Let a(o) = 8*o**2 + 7*o + 6. Is a(z) composite?
True
Let i be 0/(3/(-2 + -1)). Is i + 92 + 1 + -2 a composite number?
True
Suppose 2*u = 5*m - 12613, 7*m = 2*m + 5*u + 12625. Is m composite?
False
Suppose -916 + 151 = 3*a. Let r = 458 + a. Is r a prime number?
False
Let o = 355 - -314. Is o composite?
True
Suppose -6*q + 7*q - 274 = 0. Suppose 3*d + r + 4*r = 174, -5*d - 3*r = -q. Let t = -32 + d. Is t a prime number?
False
Suppose -31 = -i - 3*v, -i - 3*i - v = -135. Suppose 5*y - 2*y + 9 = 0, q - i = y. Is q composite?
False
Suppose 35 = -0*x + 5*x. Let t(j) = 9*j - 12. Is t(x) a composite number?
True
Let g = -2445 + 4259. Is g a composite number?
True
Is (689/(-2))/((-2)/4) composite?
True
Let m be -1 + 0 + (2 - 19). Let x be (-245)/(-9) - (-4)/m. Suppose 5*j - q = -x + 261, 4*j + 2*q = 176. Is j prime?
False
Suppose 0 = s + 5*y - 57, -s - 24 + 77 = 3*y. Is s a composite number?
False
Suppose 0 = -3*i - 3*v + 51, 3*v + 63 = i + 2*i. Suppose -4*n + 5*n = -13. Let f = i + n. Is f a composite number?
True
Let f(m) = 17*m - 31*m + 1 - 42*m. Let a be f(2). Is -1*1*a/3 prime?
True
Suppose -52 = -2*h + 4*u, h - 5*h + 3*u = -124. Suppose 78 = -2*m - 2*m - 2*b, 3*b - 72 = 3*m. Let w = h - m. Is w a composite number?
True
Suppose 488 - 1733 = 3*h. Is h/(-7) + (-12)/42 prime?
True
Let q(o) = o**2 + 5*o - 4. Suppose 0 = 3*m - m + 12. Let c be q(m). Suppose c*i - 55 = i. Is i a composite number?
True
Let p = -61 - -120. Let u = 250 - p. Is u prime?
True
Is (-31236)/(-5) - (-9)/(-45) composite?
False
Suppose a = 5*m + 5*a, -26 = -4*m + 2*a. Suppose -265 = -m*k - k. Is k a composite number?
False
Let f = 9 + 6. Is f prime?
False
Let m(y) = -y**2 + 7*y - 6. Let t = 4 + 2. Let i be m(t). Let r(k) = -k**3 - k**2 + 33. Is r(i) composite?
True
Let q(c) = c - 2. Let w be q(-8). Is (156/w)/(10/(-25)) a composite number?
True
Suppose 3*j = -j - 3*n - 7, 0 = -j - 4*n - 18. Let i = -24 + 85. Suppose -97 = -3*p - k, -2*p - j*k = -1 - i. Is p prime?
False
Let w = 801 - -2290. Is w prime?
False
Suppose 0 = -5*c + 7 - 27. Let r be 10/(3/((-6)/c)). Suppose 0*d - 19 = 2*z + r*d, -7 = -4*z - d. Is z a composite number?
False
Let z(o) = 4*o - 14*o**2 + 3*o**2 - o**3 - 3*o - 10*o + 3. Let n be z(-10). Let m(u) = u**3 + 10*u**2 + 3*u + 1. Is m(n) prime?
True
Suppose -5*a + 23 = 153. Let b = 32 - a. Is b prime?
False
Let w be ((-14)/(-35))/(2/610). Suppose 2*r - w = 16. Is r a composite number?
True
Suppose -5*w = -0*w - 195. Suppose -5*l = 3*q - 185, 0*l - l - q + w = 0. Is l composite?
True
Is 177*(1 - -2)/9 composite?
False
Is (-3 - -5) + -6 - -1475 a composite number?
False
Let r = 547 - 347. Suppose 5*l - r - 75 = 0. Is l a prime number?
False
Suppose 140 = -4*f - f. Let t = -15 - f. Let c = 140 - t. Is c composite?
False
Let y(z) = z**2 - 9*z - 16. Let t be y(11). Let j be 4/t - (-8)/(-12). Suppose f - 4*h + j*h = 29, 1 = -h. Is f a composite number?
True
Let r be (3 - -16)/((-2)/6). Let a be 8*2/4 + -1. Is (1/a)/((-1)/r) prime?
True
Suppose -3*j - v = -1414 - 920, 2*j + 5*v = 1543. Is j a composite number?
True
Let g be 6288/26 + 2/13. Suppose g + 151 = 3*l. Is l composite?
False
Let i(u) = -273*u - 2. Is i(-1) a prime number?
True
Let h(w) = 492*w**2 + 5*w - 5. Is h(2) a prime number?
True
Suppose -12 = 4*w, 2*u + 0*w + 26 = -4*w. Let f = 27 - u. Is f a prime number?
False
Suppose 3*g - 1064 = -4*b + 179, 0 = -b + 3*g + 292. Is b prime?
True
Let a be 4/(-10) + 301/(-35). Is (-525)/a - 4/(-6) a composite number?
False
Let w = 0 + 1. Let a = w - 11. Let z(g) = -2*g - 13. Is z(a) a composite number?
False
Let g be (-3)/((-14)/4 - -2). Let v(d) = d**3 + 2*d**2 - 2. Is v(g) a prime number?
False
Suppose 0 = -2*k - t + 43, 2*k - t = -3*k + 97. Let x = -1 - k. Is -11*-2*x/(-6) composite?
True
Let m be (-1)/(-4) - 4/16. Suppose -z + 39 + 10 = m. Let d = 86 - z. Is d prime?
True
Suppose -2190 = 4*k - 9*k. Let u be ((-2)/(-3))/(4/k). Is u/1 - (3 - 4) a prime number?
False
Let s be (-2)/(-8) - (-3404)/16. Suppose -f + s = -134. Is f prime?
True
Let j = -162 - -515. Suppose -j = -5*c + 102. Is c a prime number?
False
Let y be (1 - 0)*1/(-1). Let d = y - 2. Let m = d - -52. Is m a prime number?
False
Let g be (-1)/2 + 7/2. Suppose u + 70 = g*u. Is u a prime number?
False
Let i(r) = -10 - 10*r**2 + 2*r - r**3 + r**2 + 0*r**2. Let p be i(-8). Is p/(-4) - (-6)/12 a composite number?
False
Let m(l) = 9*l**2 + 4*l - 4. Let x(k) = -10*k**2 - 4*k + 5. Let i(r) = 4*m(r) + 3*x(r). Is i(4) composite?
True
Let x(o) = -25*o**2 + 13*o + 1. Let b(h) = -38*h**2 + 19*h + 1. Let l(n) = -5*b(n) + 7*x(n). Is l(-5) a prime number?
True
Suppose 5*q - 3*q = 266. Is q a prime number?
False
Let u = 9 + 26. Suppose -5*i + 86 = d - 10, -4*i = 5*d - 60. Let a = u - i. Is a composite?
True
Let a = -254 - -559. Is a prime?
False
Suppose -2*i + 4*i = 230. Suppose -2*r + 48 = u, -2*u - 44 = 3*r - i. Is r a composite number?
True
Suppose 5*x - 1055 = -0*x. Is x prime?
True
Suppose 3*p + p = 0. Let f(h) = 2*h + 3*h - 4 + p*h. Is f(6) a composite number?
True
Let c(l) = -l**3 - 9*l**2 + 11*l + 13. Let h be c(-10). Suppose 8 = -h*m + 17. Suppose 59 - 164 = -m*k. Is k prime?
False
Let u = 44 - -35. Is u composite?
False
Let k(x) = -x + 37. Let t = 6 - 3. Suppose -6*y + 2*y + t*a + 9 = 0, 5*a = -2*y - 15. Is k(y) composite?
False
Let c be (132/(-18))/(4/6). Is c/44 + (-314)/(-8) composite?
True
Suppose -p = 88 + 83. Let o = 254 + p. Suppose -2*j = -3*j + o. Is j a composite number?
False
Suppose 3*f + 150 = 2*j, 3*j - 182 = -f + 21. Is j composite?
True
Suppose b + 4 = 2*b. Let a = 225 - 29. Suppose -5*i = 2*o - 126, 5*o - o - b*i = a. Is o a composite number?
False
Let u = 399 + -276. Is u a prime number?
False
Is (26/(-4))/((-1)/34) a composite number?
True
Suppose z = -2*z - 4*a + 50, 0 = 4*z - 3*a - 25. Let y = 60 - z. Suppose -5*d = 5 - y. Is d a composite number?
True
Let i(r) = 184*r - 1. Let k(c) = -c - 4. Let b be k(-5). Let f be i(b). Suppose -109 = -2*o - 0*o - 3*s, -3*o + 2*s + f = 0. Is o a composite number?
False
Is ((-182)/21)/((-2)/30) + 3 prime?
False
Let t(n) = 248*n - 11. Is t(2) prime?
False
Let z(x) = x + 1. Let d(p) = 33*p + 17. Let m(y) = d(y) - 2*z(y). Is m(14) a composite number?
False
Let r = -65 + 1412. Is r prime?
False
Suppose m - 3 = -0. Let g be (-2)/8 - (-77)/4. Suppose m*j - 2*k - 49 = 3*k, g = j - 3*k. Is j a composite number?
False
Suppose -4*x = -5*q - 2*x + 1099, q + 2*x = 227. Let c = q - 27. Is c composite?
True
Is 16/(-40) - (-674)/10 composite?
False
Let v be -24*(4 - (-94)/(-4)). Let b = -214 + v. Is b a prime number?
False
Suppose -2 = 2*b - 22. Suppose 0 = -2*h + b - 0. Suppose a - 2*k - 15 = 0, h*a - 66 = -4*k + 5*k. Is a composite?
False
Let j be -51*8/60*-170. Suppose -3*w - j = -7*w. Is w composite?
True
Let i(q) = -q**3 + 4*q**2 + 5. Let w be i(4). Let u(n) = -4*n + n**3 - 6*n**2 - 2 - 5 + 3*n**2. Is u(w) a prime number?
True
Suppose 4*u + 4460 = 5*f - 2825, 2*f = -u + 2927. Is 